{"id":835,"date":"2023-12-05T07:35:30","date_gmt":"2023-12-05T07:35:30","guid":{"rendered":"https:\/\/ayn.templweb.com\/forening\/?page_id=835"},"modified":"2023-12-12T08:30:37","modified_gmt":"2023-12-12T08:30:37","slug":"om-hemmakvall","status":"publish","type":"page","link":"https:\/\/ayn.templweb.com\/forening\/om-hemmakvall\/","title":{"rendered":"Om hemmakv\u00e4ll"},"content":{"rendered":"\n\n  <div class=\"banner has-hover stripe yellow\" id=\"banner-437225337\">\n          <div class=\"banner-inner fill\">\n        <div class=\"banner-bg fill\" >\n            <div class=\"bg fill bg-fill \"><\/div>\n                                    \n                    <\/div>\n\t\t\n\t<div class=\"ux-shape-divider ux-shape-divider--bottom ux-shape-divider--style-curve\">\n\t\t<svg viewBox=\"0 0 1000 100\" xmlns=\"http:\/\/www.w3.org\/2000\/svg\" preserveAspectRatio=\"none\">\n\t<path class=\"ux-shape-fill\" d=\"M0 0C0 0 200 50 500 50C800 50 1000 0 1000 0V101H0V1V0Z\"\/>\n<\/svg>\n\t<\/div>\n        <div class=\"banner-layers container\">\n            <div class=\"fill banner-link\"><\/div>            \n\n   <div id=\"text-box-1600304351\" class=\"text-box banner-layer x50 md-x50 lg-x50 y35 md-y35 lg-y35 res-text\">\n                                <div class=\"text-box-content text dark\">\n              \n              <div class=\"text-inner text-center\">\n                  \n\n<h1>HEMMAKV\u00c4LLS <span style=\"color: #000000;\">HISTORIA<\/span><\/h1>\n\n              <\/div>\n           <\/div>\n                            \n<style>\n#text-box-1600304351 {\n  width: 100%;\n}\n#text-box-1600304351 .text-box-content {\n  font-size: 100%;\n}\n@media (min-width:550px) {\n  #text-box-1600304351 {\n    width: 64%;\n  }\n}\n<\/style>\n    <\/div>\n \n\n        <\/div>\n      <\/div>\n\n            \n<style>\n#banner-437225337 {\n  padding-top: 510px;\n}\n#banner-437225337 .ux-shape-divider--bottom svg {\n  height: 150px;\n  --divider-width: 220%;\n}\n@media (min-width:550px) {\n  #banner-437225337 {\n    padding-top: 500px;\n  }\n  #banner-437225337 .ux-shape-divider--bottom svg {\n    --divider-width: 156%;\n  }\n}\n<\/style>\n  <\/div>\n\n\n\t<section class=\"section\" id=\"section_1013909861\">\n\t\t<div class=\"bg section-bg fill bg-fill  bg-loaded\" >\n\n\t\t\t\n\t\t\t\n\t\t\t\n\n\t\t<\/div>\n\n\t\t\n\n\t\t<div class=\"section-content relative\">\n\t\t\t\n\n<div class=\"row\"  id=\"row-168494563\">\n\n\n\t<div id=\"col-1270154112\" class=\"col medium-7 small-12 large-7\"  >\n\t\t\t\t<div class=\"col-inner\"  >\n\t\t\t\n\t\t\t\n\n<h2>OM OSS<\/h2>\n<p>Om vi fick best\u00e4mma skulle det vara hemmakv\u00e4ll j\u00e4mt!<\/p>\n<p>Fast d\u00e5 skulle man f\u00f6rst\u00e5s inte ha n\u00e5got att se fram emot. L\u00e4ngtan och f\u00f6rberedelserna \u00e4r ju en del av sj\u00e4lva upplevelsen. I alla tider har m\u00e4nniskor s\u00f6kt pauser fr\u00e5n vardagen och stunder av njutning \u2013 och med dagens stress k\u00e4nns det kanske viktigare \u00e4n n\u00e5nsin.<\/p>\n<p>Men bara du vet hur du vill ha din hemmakv\u00e4ll och den m\u00e5ste varken upplevas hemma eller p\u00e5 kv\u00e4llen. Po\u00e4ngen \u00e4r att du f\u00e5r pausa, njuta och fly in i en annan v\u00e4rld \u2013 och det \u00e4r h\u00e4r HEMMAKV\u00c4LL kommer in. Som Sveriges stoltaste leverant\u00f6r av hemmakv\u00e4llar t\u00e4nker vi se till att du f\u00e5r det du beh\u00f6ver.<\/p>\n<p>Ett team av specialister brinner f\u00f6r att g\u00f6ra hemmakv\u00e4llen till den b\u00e4sta stunden p\u00e5 dagen. De provsmakar godiset, dippar i dippen, best\u00e4ller de ovanligaste snacksen och testar den bubbligaste l\u00e4sken. De provspelar spelen, utvecklar sortimentet och rekommenderar de mest briljanta filmerna. F\u00f6r en hemmakv\u00e4ll blir aldrig en riktig hemmakv\u00e4ll utan HEMMAKV\u00c4LL.<\/p>\n\n\t\t<\/div>\n\t\t\t\t\n<style>\n#col-1270154112 > .col-inner {\n  margin: -35px 0px 0px 0px;\n}\n<\/style>\n\t<\/div>\n\n\t\n\n\t<div id=\"col-1032752551\" class=\"col hide-for-medium medium-1 small-12 large-1\"  >\n\t\t\t\t<div class=\"col-inner\"  >\n\t\t\t\n\t\t\t\n\n\n\t\t<\/div>\n\t\t\t\t\t<\/div>\n\n\t\n\n\t<div id=\"col-111717140\" class=\"col medium-3 small-12 large-3\"  >\n\t\t\t\t<div class=\"col-inner\"  >\n\t\t\t\n\t\t\t\n\n\t<div class=\"img has-hover x md-x lg-x y md-y lg-y\" id=\"image_1261718823\">\n\t\t\t\t\t\t\t\t<div class=\"img-inner dark\" >\n\t\t\t<img loading=\"lazy\" decoding=\"async\" width=\"600\" height=\"900\" src=\"https:\/\/ayn.templweb.com\/forening\/wp-content\/uploads\/sites\/3\/2023\/12\/Kent-profilbild-cropp-1.jpg\" class=\"attachment-original size-original\" alt=\"\" srcset=\"https:\/\/ayn.templweb.com\/forening\/wp-content\/uploads\/sites\/3\/2023\/12\/Kent-profilbild-cropp-1.jpg 600w, https:\/\/ayn.templweb.com\/forening\/wp-content\/uploads\/sites\/3\/2023\/12\/Kent-profilbild-cropp-1-200x300.jpg 200w, https:\/\/ayn.templweb.com\/forening\/wp-content\/uploads\/sites\/3\/2023\/12\/Kent-profilbild-cropp-1-123x185.jpg 123w\" sizes=\"auto, (max-width: 600px) 100vw, 600px\" \/>\t\t\t\t\t\t\n\t\t\t\t\t<\/div>\n\t\t\t\t\t\t\t\t\n<style>\n#image_1261718823 {\n  width: 100%;\n}\n<\/style>\n\t<\/div>\n\t\n\n<p>Kent Olsson, \u00e4gare Hemmakv\u00e4ll<\/p>\n\n\t\t<\/div>\n\t\t\t\t\t<\/div>\n\n\t\n\n<\/div>\n\n\t\t<\/div>\n\n\t\t\n<style>\n#section_1013909861 {\n  padding-top: 0px;\n  padding-bottom: 0px;\n}\n@media (min-width:550px) {\n  #section_1013909861 {\n    padding-top: 30px;\n    padding-bottom: 30px;\n  }\n}\n<\/style>\n\t<\/section>\n\t\n<div class=\"row\"  id=\"row-240425922\">\n\n\n\t<div id=\"col-1485720933\" class=\"col small-12 large-12\"  >\n\t\t\t\t<div class=\"col-inner\"  >\n\t\t\t\n\t\t\t\n\n\t<div id=\"text-2919397500\" class=\"text\">\n\t\t\n\n<h2>V\u00c5R <span style=\"color: #000000;\">HISTORIA<\/span><\/h2>\n\t\t\n<style>\n#text-2919397500 {\n  text-align: center;\n}\n<\/style>\n\t<\/div>\n\t\n<div class=\"row align-center\"  id=\"row-1725361923\">\n\n\n\t<div id=\"col-1302601265\" class=\"col show-for-small small-7 large-12\"  >\n\t\t\t\t<div class=\"col-inner\"  >\n\t\t\t\n\t\t\t\n\n\t<div id=\"text-2419567170\" class=\"text show-for-small\">\n\t\t\n\n<p>Swipea f\u00f6r att l\u00e4sa mer!<\/p>\n\t\t\n<style>\n#text-2419567170 {\n  text-align: center;\n}\n<\/style>\n\t<\/div>\n\t\n\n\t\t<\/div>\n\t\t\t\t\t<\/div>\n\n\t\n\n<\/div>\n\n\t\t<\/div>\n\t\t\t\t\t<\/div>\n\n\t\n\n<\/div>\n\t<section class=\"section stripe yellow\" id=\"section_1363476092\">\n\t\t<div class=\"bg section-bg fill bg-fill  bg-loaded\" >\n\n\t\t\t\n\t\t\t\n\t\t\t\n\n\t\t<\/div>\n\n\t\t\n\n\t\t<div class=\"section-content relative\">\n\t\t\t\n\n<div class=\"row row-full-width align-center\"  id=\"row-200331900\">\n\n\n\t<div id=\"col-1550617279\" class=\"col medium-11 small-12 large-11\"  >\n\t\t\t\t<div class=\"col-inner text-center\"  >\n\t\t\t\n\t\t\t\n\n\t<div id=\"gap-857824136\" class=\"gap-element clearfix\" style=\"display:block; height:auto;\">\n\t\t\n<style>\n#gap-857824136 {\n  padding-top: 37px;\n}\n<\/style>\n\t<\/div>\n\t\n\n<div class=\"slider-wrapper relative\" id=\"slider-918146163\" >\n    <div class=\"slider slider-nav-dots-dashes slider-nav-circle slider-nav-large slider-nav-light slider-nav-outside slider-style-normal slider-show-nav\"\n        data-flickity-options='{\n            \"cellAlign\": \"center\",\n            \"imagesLoaded\": true,\n            \"lazyLoad\": 1,\n            \"freeScroll\": false,\n            \"wrapAround\": true,\n            \"autoPlay\": 6000,\n            \"pauseAutoPlayOnHover\" : true,\n            \"prevNextButtons\": true,\n            \"contain\" : true,\n            \"adaptiveHeight\" : true,\n            \"dragThreshold\" : 10,\n            \"percentPosition\": true,\n            \"pageDots\": false,\n            \"rightToLeft\": false,\n            \"draggable\": true,\n            \"selectedAttraction\": 0.1,\n            \"parallax\" : 0,\n            \"friction\": 0.6        }'\n        >\n        \n\n<div class=\"row align-center\"  id=\"row-931739735\">\n\n\n\t<div id=\"col-822311584\" class=\"col small-12 large-12\"  >\n\t\t\t\t<div class=\"col-inner\" style=\"background-color:rgb(255,255,255);\" >\n\t\t\t\n\t\t\t\n\n\t<div id=\"text-1164050352\" class=\"text\">\n\t\t\n\n<h3>1994<\/h3>\n<p>De glada butiksinnehavarna Per-Anders och Janne Haglund driver tv\u00e5 butiker i Bor\u00e5s. De str\u00e5lar samman med sina kompanjoner Hans och Roland \u00d6rtendahl samt Mats Berntsson. En trio som driver butiker i Kung\u00e4lv, Stenungsund och Uddevalla. Tillsammans startar de f\u00f6retaget Videomix.<\/p>\n<p>De enskilda butikerna g\u00e5r nu under namnet Videomix. F\u00f6retagen inom kedjan ben\u00e4mns \u00e4ven efter stad.<\/p>\n\t\t\n<style>\n#text-1164050352 {\n  text-align: center;\n  color: rgb(0,0,0);\n}\n#text-1164050352 > * {\n  color: rgb(0,0,0);\n}\n<\/style>\n\t<\/div>\n\t\n\n\t\t<\/div>\n\t\t\t\t\n<style>\n#col-822311584 > .col-inner {\n  padding: 15px 15px 15px 15px;\n  border-radius: 20px;\n}\n<\/style>\n\t<\/div>\n\n\t\n\n<\/div>\n<div class=\"row align-center\"  id=\"row-2103953240\">\n\n\n\t<div id=\"col-1831340653\" class=\"col small-12 large-12\"  >\n\t\t\t\t<div class=\"col-inner\" style=\"background-color:rgb(255,255,255);\" >\n\t\t\t\n\t\t\t\n\n\t<div id=\"text-1413754776\" class=\"text\">\n\t\t\n\n<h3>1995<\/h3>\n<p>Peter Blomgren med butik i Skene ansluter sig till skaran. Butiken i Kung\u00e4lv s\u00e4ljs till Martin H\u00f6gstedt och H\u00e5kan Krabbe.<\/p>\n\t\t\n<style>\n#text-1413754776 {\n  text-align: center;\n  color: rgb(0,0,0);\n}\n#text-1413754776 > * {\n  color: rgb(0,0,0);\n}\n<\/style>\n\t<\/div>\n\t\n\n\t\t<\/div>\n\t\t\t\t\n<style>\n#col-1831340653 > .col-inner {\n  padding: 15px 15px 15px 15px;\n  border-radius: 20px;\n}\n<\/style>\n\t<\/div>\n\n\t\n\n<\/div>\n<div class=\"row align-center\"  id=\"row-670430408\">\n\n\n\t<div id=\"col-719395562\" class=\"col small-12 large-12\"  >\n\t\t\t\t<div class=\"col-inner\" style=\"background-color:rgb(255,255,255);\" >\n\t\t\t\n\t\t\t\n\n\t<div id=\"text-2404006415\" class=\"text\">\n\t\t\n\n<h3>1996<\/h3>\n<p>Nere i Sk\u00e5ne best\u00e4mmer sig Kent Olsson f\u00f6r att bli en del av kedjan. Hans butiker i Halmstad, H\u00e4ssleholm, Landskrona och Trelleborg g\u00e5r samman under namnet Videomix Syd.<\/p>\n\t\t\n<style>\n#text-2404006415 {\n  text-align: center;\n  color: rgb(0,0,0);\n}\n#text-2404006415 > * {\n  color: rgb(0,0,0);\n}\n<\/style>\n\t<\/div>\n\t\n\n\t\t<\/div>\n\t\t\t\t\n<style>\n#col-719395562 > .col-inner {\n  padding: 15px 15px 15px 15px;\n  border-radius: 20px;\n}\n<\/style>\n\t<\/div>\n\n\t\n\n<\/div>\n<div class=\"row align-center\"  id=\"row-1345425479\">\n\n\n\t<div id=\"col-1600184080\" class=\"col small-12 large-12\"  >\n\t\t\t\t<div class=\"col-inner\" style=\"background-color:rgb(255,255,255);\" >\n\t\t\t\n\t\t\t\n\n\t<div id=\"text-4201652904\" class=\"text\">\n\t\t\n\n<h3>1997<\/h3>\n<p>Det gemensamma bolaget Videomix Sverige AB bildas. Den f\u00f6rsta gemensamma butiken k\u00f6ps, bel\u00e4gen i Varberg. I samband med k\u00f6pet b\u00f6rjar id\u00e9n gl\u00f6da om att anv\u00e4nda franchising som samarbetsmodell.<\/p>\n\t\t\n<style>\n#text-4201652904 {\n  text-align: center;\n  color: rgb(0,0,0);\n}\n#text-4201652904 > * {\n  color: rgb(0,0,0);\n}\n<\/style>\n\t<\/div>\n\t\n\n\t\t<\/div>\n\t\t\t\t\n<style>\n#col-1600184080 > .col-inner {\n  padding: 15px 15px 15px 15px;\n  border-radius: 20px;\n}\n<\/style>\n\t<\/div>\n\n\t\n\n<\/div>\n<div class=\"row align-center\"  id=\"row-1904957804\">\n\n\n\t<div id=\"col-1982091937\" class=\"col small-12 large-12\"  >\n\t\t\t\t<div class=\"col-inner\" style=\"background-color:rgb(255,255,255);\" >\n\t\t\t\n\t\t\t\n\n\t<div id=\"text-2711719085\" class=\"text\">\n\t\t\n\n<h3>1998<\/h3>\n<p>Kedjan \u00f6ppnar ytterligare en gemensam butik, denna g\u00e5ng i Falkenberg.<\/p>\n\t\t\n<style>\n#text-2711719085 {\n  text-align: center;\n  color: rgb(0,0,0);\n}\n#text-2711719085 > * {\n  color: rgb(0,0,0);\n}\n<\/style>\n\t<\/div>\n\t\n\n\t\t<\/div>\n\t\t\t\t\n<style>\n#col-1982091937 > .col-inner {\n  padding: 15px 15px 15px 15px;\n  border-radius: 20px;\n}\n<\/style>\n\t<\/div>\n\n\t\n\n<\/div>\n<div class=\"row align-center\"  id=\"row-516490576\">\n\n\n\t<div id=\"col-1076018705\" class=\"col small-12 large-12\"  >\n\t\t\t\t<div class=\"col-inner\" style=\"background-color:rgb(255,255,255);\" >\n\t\t\t\n\t\t\t\n\n\t<div id=\"text-1883638315\" class=\"text\">\n\t\t\n\n<h3>2004<br>\n<\/h3>\n<p>Videomix Syd med Kent Olsson i spetsen k\u00f6per upp Kungsan med sina nio butiker. Fyra av dessa drivs i egen regi och fem drivs som franchisebutiker.<br>\nI september samma \u00e5r ansluter sig tv\u00e5 butikskedjor i Stockholm, Videomix Nord och Videomix Stockholm med fyra butiker vardera. Underh\u00e5llningskedjan best\u00e5r d\u00e4rmed av 38 butiker i Sverige.<\/p>\n\t\t\n<style>\n#text-1883638315 {\n  text-align: center;\n  color: rgb(0,0,0);\n}\n#text-1883638315 > * {\n  color: rgb(0,0,0);\n}\n<\/style>\n\t<\/div>\n\t\n\n\t\t<\/div>\n\t\t\t\t\n<style>\n#col-1076018705 > .col-inner {\n  padding: 15px 15px 15px 15px;\n  border-radius: 20px;\n}\n<\/style>\n\t<\/div>\n\n\t\n\n<\/div>\n<div class=\"row align-center\"  id=\"row-2130710437\">\n\n\n\t<div id=\"col-101781736\" class=\"col small-12 large-12\"  >\n\t\t\t\t<div class=\"col-inner\" style=\"background-color:rgb(255,255,255);\" >\n\t\t\t\n\t\t\t\n\n\t<div id=\"text-959751370\" class=\"text\">\n\t\t\n\n<h3>2005<\/h3>\n<p>De glada \u00e4garna tar steget och p\u00e5b\u00f6rjar \u00f6verg\u00e5ngen till en franchisekedja<\/p>\n\t\t\n<style>\n#text-959751370 {\n  text-align: center;\n  color: rgb(0,0,0);\n}\n#text-959751370 > * {\n  color: rgb(0,0,0);\n}\n<\/style>\n\t<\/div>\n\t\n\n\t\t<\/div>\n\t\t\t\t\n<style>\n#col-101781736 > .col-inner {\n  padding: 15px 15px 15px 15px;\n  border-radius: 20px;\n}\n<\/style>\n\t<\/div>\n\n\t\n\n<\/div>\n<div class=\"row align-center\"  id=\"row-1665574592\">\n\n\n\t<div id=\"col-948672066\" class=\"col small-12 large-12\"  >\n\t\t\t\t<div class=\"col-inner\" style=\"background-color:rgb(255,255,255);\" >\n\t\t\t\n\t\t\t\n\n\t<div id=\"text-485650743\" class=\"text\">\n\t\t\n\n<h3>2007<\/h3>\n<p>De \u00e4nnu gladare \u00e4garna k\u00f6per upp franchisekedjan Hemmakv\u00e4ll som \u00e4r verksam i Norrland. De beslutar att anv\u00e4nda Hemmakv\u00e4ll som namn p\u00e5 kedjan fram\u00f6ver. Kedjan str\u00e4cker sig nu fr\u00e5n Trelleborg i s\u00f6der till Lule\u00e5 i norr!<\/p>\n\t\t\n<style>\n#text-485650743 {\n  text-align: center;\n  color: rgb(0,0,0);\n}\n#text-485650743 > * {\n  color: rgb(0,0,0);\n}\n<\/style>\n\t<\/div>\n\t\n\n\t\t<\/div>\n\t\t\t\t\n<style>\n#col-948672066 > .col-inner {\n  padding: 15px 15px 15px 15px;\n  border-radius: 20px;\n}\n<\/style>\n\t<\/div>\n\n\t\n\n<\/div>\n<div class=\"row align-center\"  id=\"row-514966007\">\n\n\n\t<div id=\"col-1774842603\" class=\"col small-12 large-12\"  >\n\t\t\t\t<div class=\"col-inner\" style=\"background-color:rgb(255,255,255);\" >\n\t\t\t\n\t\t\t\n\n\t<div id=\"text-235426384\" class=\"text\">\n\t\t\n\n<h3>2008<\/h3>\n<p>I mars byter Videomix namn till Hemmakv\u00e4ll.<\/p>\n\t\t\n<style>\n#text-235426384 {\n  text-align: center;\n  color: rgb(0,0,0);\n}\n#text-235426384 > * {\n  color: rgb(0,0,0);\n}\n<\/style>\n\t<\/div>\n\t\n<div class=\"row align-center\"  id=\"row-145348147\">\n\n\n\t<div id=\"col-1830313450\" class=\"col medium-6 small-12 large-6\"  >\n\t\t\t\t<div class=\"col-inner\"  >\n\t\t\t\n\t\t\t\n\n\t<div class=\"img has-hover x md-x lg-x y md-y lg-y\" id=\"image_328936760\">\n\t\t\t\t\t\t\t\t<div class=\"img-inner dark\" >\n\t\t\t\t\t\t\t\t\t\n\t\t\t\t\t<\/div>\n\t\t\t\t\t\t\t\t\n<style>\n#image_328936760 {\n  width: 100%;\n}\n<\/style>\n\t<\/div>\n\t\n\n\n\t\t<\/div>\n\t\t\t\t\t<\/div>\n\n\t\n\n<\/div>\n\n\t\t<\/div>\n\t\t\t\t\n<style>\n#col-1774842603 > .col-inner {\n  padding: 15px 15px 15px 15px;\n  border-radius: 20px;\n}\n<\/style>\n\t<\/div>\n\n\t\n\n<\/div>\n<div class=\"row align-center\"  id=\"row-423039442\">\n\n\n\t<div id=\"col-927769337\" class=\"col small-12 large-12\"  >\n\t\t\t\t<div class=\"col-inner\" style=\"background-color:rgb(255,255,255);\" >\n\t\t\t\n\t\t\t\n\n\t<div id=\"text-2186712247\" class=\"text\">\n\t\t\n\n<h3>2009<\/h3>\n<p>Hemmakv\u00e4ll AB fusioneras med Videomix Syd med Kent Olsson i spetsen, tidigare franchisetagare. Bolaget arbetar vidare under varum\u00e4rket Hemmakv\u00e4ll.<\/p>\n\t\t\n<style>\n#text-2186712247 {\n  text-align: center;\n  color: rgb(0,0,0);\n}\n#text-2186712247 > * {\n  color: rgb(0,0,0);\n}\n<\/style>\n\t<\/div>\n\t\n\n\t\t<\/div>\n\t\t\t\t\n<style>\n#col-927769337 > .col-inner {\n  padding: 15px 15px 15px 15px;\n  border-radius: 20px;\n}\n<\/style>\n\t<\/div>\n\n\t\n\n<\/div>\n<div class=\"row align-center\"  id=\"row-1495860459\">\n\n\n\t<div id=\"col-945300335\" class=\"col small-12 large-12\"  >\n\t\t\t\t<div class=\"col-inner\" style=\"background-color:rgb(255,255,255);\" >\n\t\t\t\n\t\t\t\n\n\t<div id=\"text-3916896651\" class=\"text\">\n\t\t\n\n<h3>2013<\/h3>\n<p>Huvudkontoret och centrallagret i Landskrona har fullt upp d\u00e5 n\u00f6jeskedjan \u00e4r uppe i 103 butiker.<\/p>\n\t\t\n<style>\n#text-3916896651 {\n  text-align: center;\n  color: rgb(0,0,0);\n}\n#text-3916896651 > * {\n  color: rgb(0,0,0);\n}\n<\/style>\n\t<\/div>\n\t\n\n\t\t<\/div>\n\t\t\t\t\n<style>\n#col-945300335 > .col-inner {\n  padding: 15px 15px 15px 15px;\n  border-radius: 20px;\n}\n<\/style>\n\t<\/div>\n\n\t\n\n<\/div>\n<div class=\"row align-center\"  id=\"row-1762386935\">\n\n\n\t<div id=\"col-1453729512\" class=\"col small-12 large-12\"  >\n\t\t\t\t<div class=\"col-inner\" style=\"background-color:rgb(255,255,255);\" >\n\t\t\t\n\t\t\t\n\n\t<div id=\"text-1908680652\" class=\"text\">\n\t\t\n\n<h3>2016<\/h3>\n<p>Hemmakv\u00e4ll \u00f6ppnar sin allra f\u00f6rsta konceptbutik p\u00e5 temat \u201dEn ny v\u00e4rld av godis\u201d p\u00e5 V\u00e4la Centrum utanf\u00f6r Helsingborg. En riktig dr\u00f6mbutik f\u00f6r alla som \u00e4lskar surt, s\u00f6tt och salt, fylld med godsaker av alla de slag och tjusiga presentf\u00f6rpackningar f\u00f6r den som vill ge bort n\u00e5got gott.<\/p>\n\t\t\n<style>\n#text-1908680652 {\n  text-align: center;\n  color: rgb(0,0,0);\n}\n#text-1908680652 > * {\n  color: rgb(0,0,0);\n}\n<\/style>\n\t<\/div>\n\t\n\n\t\t<\/div>\n\t\t\t\t\n<style>\n#col-1453729512 > .col-inner {\n  padding: 15px 15px 15px 15px;\n  border-radius: 20px;\n}\n<\/style>\n\t<\/div>\n\n\t\n\n<\/div>\n\n     <\/div>\n\n     <div class=\"loading-spin dark large centered\"><\/div>\n\n\t\n<style>\n#slider-918146163 .flickity-slider > * {\n  max-width: 100%!important;\n}\n@media (min-width:550px) {\n  #slider-918146163 .flickity-slider > * {\n    max-width: 50%!important;\n  }\n}\n<\/style>\n<\/div>\n\n\n\n\t\t<\/div>\n\t\t\t\t\t<\/div>\n\n\t\n\n<\/div>\n\n\t\t<\/div>\n\n\t\t\n<style>\n#section_1363476092 {\n  padding-top: 41px;\n  padding-bottom: 41px;\n}\n@media (min-width:550px) {\n  #section_1363476092 {\n    padding-top: 110px;\n    padding-bottom: 110px;\n  }\n}\n<\/style>\n\t<\/section>\n\t\n\t<div id=\"gap-724754129\" class=\"gap-element clearfix\" style=\"display:block; height:auto;\">\n\t\t\n<style>\n#gap-724754129 {\n  padding-top: 55px;\n}\n<\/style>\n\t<\/div>\n\t\n\n\n","protected":false},"excerpt":{"rendered":"","protected":false},"author":1,"featured_media":0,"parent":0,"menu_order":0,"comment_status":"closed","ping_status":"closed","template":"page-transparent-header.php","meta":{"_acf_changed":false,"footnotes":""},"class_list":["post-835","page","type-page","status-publish","hentry"],"acf":[],"yoast_head":"<!-- This site is optimized with the Yoast SEO plugin v26.6 - https:\/\/yoast.com\/wordpress\/plugins\/seo\/ -->\n<title>Om hemmakv\u00e4ll - Hemmakv\u00e4ll - F\u00f6rening<\/title>\n<meta name=\"robots\" content=\"index, follow, max-snippet:-1, max-image-preview:large, max-video-preview:-1\" \/>\n<link rel=\"canonical\" href=\"https:\/\/ayn.templweb.com\/forening\/om-hemmakvall\/\" \/>\n<meta property=\"og:locale\" content=\"sv_SE\" \/>\n<meta property=\"og:type\" content=\"article\" \/>\n<meta property=\"og:title\" content=\"Om hemmakv\u00e4ll - Hemmakv\u00e4ll - F\u00f6rening\" \/>\n<meta property=\"og:url\" content=\"https:\/\/ayn.templweb.com\/forening\/om-hemmakvall\/\" \/>\n<meta property=\"og:site_name\" content=\"Hemmakv\u00e4ll - F\u00f6rening\" \/>\n<meta property=\"article:modified_time\" content=\"2023-12-12T08:30:37+00:00\" \/>\n<meta property=\"og:image\" content=\"https:\/\/ayn.templweb.com\/forening\/wp-content\/uploads\/sites\/3\/2023\/12\/sektion_21_square.jpg\" \/>\n\t<meta property=\"og:image:width\" content=\"1200\" \/>\n\t<meta property=\"og:image:height\" content=\"1200\" \/>\n\t<meta property=\"og:image:type\" content=\"image\/jpeg\" \/>\n<meta name=\"twitter:card\" content=\"summary_large_image\" \/>\n<meta name=\"twitter:label1\" content=\"Ber\u00e4knad l\u00e4stid\" \/>\n\t<meta name=\"twitter:data1\" content=\"5 minuter\" \/>\n<script type=\"application\/ld+json\" class=\"yoast-schema-graph\">{\"@context\":\"https:\/\/schema.org\",\"@graph\":[{\"@type\":\"WebPage\",\"@id\":\"https:\/\/ayn.templweb.com\/forening\/om-hemmakvall\/\",\"url\":\"https:\/\/ayn.templweb.com\/forening\/om-hemmakvall\/\",\"name\":\"Om hemmakv\u00e4ll - Hemmakv\u00e4ll - F\u00f6rening\",\"isPartOf\":{\"@id\":\"https:\/\/ayn.templweb.com\/forening\/#website\"},\"datePublished\":\"2023-12-05T07:35:30+00:00\",\"dateModified\":\"2023-12-12T08:30:37+00:00\",\"breadcrumb\":{\"@id\":\"https:\/\/ayn.templweb.com\/forening\/om-hemmakvall\/#breadcrumb\"},\"inLanguage\":\"sv-SE\",\"potentialAction\":[{\"@type\":\"ReadAction\",\"target\":[\"https:\/\/ayn.templweb.com\/forening\/om-hemmakvall\/\"]}]},{\"@type\":\"BreadcrumbList\",\"@id\":\"https:\/\/ayn.templweb.com\/forening\/om-hemmakvall\/#breadcrumb\",\"itemListElement\":[{\"@type\":\"ListItem\",\"position\":1,\"name\":\"Hem\",\"item\":\"https:\/\/ayn.templweb.com\/forening\/\"},{\"@type\":\"ListItem\",\"position\":2,\"name\":\"Om hemmakv\u00e4ll\"}]},{\"@type\":\"WebSite\",\"@id\":\"https:\/\/ayn.templweb.com\/forening\/#website\",\"url\":\"https:\/\/ayn.templweb.com\/forening\/\",\"name\":\"Hemmakv\u00e4ll - F\u00f6rening\",\"description\":\"\",\"publisher\":{\"@id\":\"https:\/\/ayn.templweb.com\/forening\/#organization\"},\"potentialAction\":[{\"@type\":\"SearchAction\",\"target\":{\"@type\":\"EntryPoint\",\"urlTemplate\":\"https:\/\/ayn.templweb.com\/forening\/?s={search_term_string}\"},\"query-input\":{\"@type\":\"PropertyValueSpecification\",\"valueRequired\":true,\"valueName\":\"search_term_string\"}}],\"inLanguage\":\"sv-SE\"},{\"@type\":\"Organization\",\"@id\":\"https:\/\/ayn.templweb.com\/forening\/#organization\",\"name\":\"Hemmakv\u00e4ll - F\u00f6rening\",\"url\":\"https:\/\/ayn.templweb.com\/forening\/\",\"logo\":{\"@type\":\"ImageObject\",\"inLanguage\":\"sv-SE\",\"@id\":\"https:\/\/ayn.templweb.com\/forening\/#\/schema\/logo\/image\/\",\"url\":\"https:\/\/ayn.templweb.com\/forening\/wp-content\/uploads\/sites\/3\/2023\/12\/hemmakvall-logo-1200bl.png\",\"contentUrl\":\"https:\/\/ayn.templweb.com\/forening\/wp-content\/uploads\/sites\/3\/2023\/12\/hemmakvall-logo-1200bl.png\",\"width\":1201,\"height\":261,\"caption\":\"Hemmakv\u00e4ll - F\u00f6rening\"},\"image\":{\"@id\":\"https:\/\/ayn.templweb.com\/forening\/#\/schema\/logo\/image\/\"}}]}<\/script>\n<!-- \/ Yoast SEO plugin. -->","yoast_head_json":{"title":"Om hemmakv\u00e4ll - Hemmakv\u00e4ll - F\u00f6rening","robots":{"index":"index","follow":"follow","max-snippet":"max-snippet:-1","max-image-preview":"max-image-preview:large","max-video-preview":"max-video-preview:-1"},"canonical":"https:\/\/ayn.templweb.com\/forening\/om-hemmakvall\/","og_locale":"sv_SE","og_type":"article","og_title":"Om hemmakv\u00e4ll - Hemmakv\u00e4ll - F\u00f6rening","og_url":"https:\/\/ayn.templweb.com\/forening\/om-hemmakvall\/","og_site_name":"Hemmakv\u00e4ll - F\u00f6rening","article_modified_time":"2023-12-12T08:30:37+00:00","og_image":[{"width":1200,"height":1200,"url":"https:\/\/ayn.templweb.com\/forening\/wp-content\/uploads\/sites\/3\/2023\/12\/sektion_21_square.jpg","type":"image\/jpeg"}],"twitter_card":"summary_large_image","twitter_misc":{"Ber\u00e4knad l\u00e4stid":"5 minuter"},"schema":{"@context":"https:\/\/schema.org","@graph":[{"@type":"WebPage","@id":"https:\/\/ayn.templweb.com\/forening\/om-hemmakvall\/","url":"https:\/\/ayn.templweb.com\/forening\/om-hemmakvall\/","name":"Om hemmakv\u00e4ll - Hemmakv\u00e4ll - F\u00f6rening","isPartOf":{"@id":"https:\/\/ayn.templweb.com\/forening\/#website"},"datePublished":"2023-12-05T07:35:30+00:00","dateModified":"2023-12-12T08:30:37+00:00","breadcrumb":{"@id":"https:\/\/ayn.templweb.com\/forening\/om-hemmakvall\/#breadcrumb"},"inLanguage":"sv-SE","potentialAction":[{"@type":"ReadAction","target":["https:\/\/ayn.templweb.com\/forening\/om-hemmakvall\/"]}]},{"@type":"BreadcrumbList","@id":"https:\/\/ayn.templweb.com\/forening\/om-hemmakvall\/#breadcrumb","itemListElement":[{"@type":"ListItem","position":1,"name":"Hem","item":"https:\/\/ayn.templweb.com\/forening\/"},{"@type":"ListItem","position":2,"name":"Om hemmakv\u00e4ll"}]},{"@type":"WebSite","@id":"https:\/\/ayn.templweb.com\/forening\/#website","url":"https:\/\/ayn.templweb.com\/forening\/","name":"Hemmakv\u00e4ll - F\u00f6rening","description":"","publisher":{"@id":"https:\/\/ayn.templweb.com\/forening\/#organization"},"potentialAction":[{"@type":"SearchAction","target":{"@type":"EntryPoint","urlTemplate":"https:\/\/ayn.templweb.com\/forening\/?s={search_term_string}"},"query-input":{"@type":"PropertyValueSpecification","valueRequired":true,"valueName":"search_term_string"}}],"inLanguage":"sv-SE"},{"@type":"Organization","@id":"https:\/\/ayn.templweb.com\/forening\/#organization","name":"Hemmakv\u00e4ll - F\u00f6rening","url":"https:\/\/ayn.templweb.com\/forening\/","logo":{"@type":"ImageObject","inLanguage":"sv-SE","@id":"https:\/\/ayn.templweb.com\/forening\/#\/schema\/logo\/image\/","url":"https:\/\/ayn.templweb.com\/forening\/wp-content\/uploads\/sites\/3\/2023\/12\/hemmakvall-logo-1200bl.png","contentUrl":"https:\/\/ayn.templweb.com\/forening\/wp-content\/uploads\/sites\/3\/2023\/12\/hemmakvall-logo-1200bl.png","width":1201,"height":261,"caption":"Hemmakv\u00e4ll - F\u00f6rening"},"image":{"@id":"https:\/\/ayn.templweb.com\/forening\/#\/schema\/logo\/image\/"}}]}},"_links":{"self":[{"href":"https:\/\/ayn.templweb.com\/forening\/wp-json\/wp\/v2\/pages\/835","targetHints":{"allow":["GET"]}}],"collection":[{"href":"https:\/\/ayn.templweb.com\/forening\/wp-json\/wp\/v2\/pages"}],"about":[{"href":"https:\/\/ayn.templweb.com\/forening\/wp-json\/wp\/v2\/types\/page"}],"author":[{"embeddable":true,"href":"https:\/\/ayn.templweb.com\/forening\/wp-json\/wp\/v2\/users\/1"}],"replies":[{"embeddable":true,"href":"https:\/\/ayn.templweb.com\/forening\/wp-json\/wp\/v2\/comments?post=835"}],"version-history":[{"count":7,"href":"https:\/\/ayn.templweb.com\/forening\/wp-json\/wp\/v2\/pages\/835\/revisions"}],"predecessor-version":[{"id":1183,"href":"https:\/\/ayn.templweb.com\/forening\/wp-json\/wp\/v2\/pages\/835\/revisions\/1183"}],"wp:attachment":[{"href":"https:\/\/ayn.templweb.com\/forening\/wp-json\/wp\/v2\/media?parent=835"}],"curies":[{"name":"wp","href":"https:\/\/api.w.org\/{rel}","templated":true}]}}